6, what is -14020 + -2?
-14022
In base 15, what is -b8c8 - 0?
-b8c8
In base 2, what is 11101 - -1001010?
1100111
In base 3, what is 2022010 - -22?
2022102
In base 10, what is -87 + 2?
-85
In base 10, what is 4801 - -1?
4802
In base 6, what is -112 - 4?
-120
In base 15, what is -41d4 + 3?
-41d1
In base 2, what is 111001010101 - -1?
111001010110
In base 12, what is 1943 - 3?
1940
In base 14, what is 9b - -3?
a0
In base 8, what is -10124 + -2?
-10126
In base 6, what is 5 - -1152?
1201
In base 7, what is 2 + 411?
413
In base 10, what is 36 + 6?
42
In base 12, what is -42 - -11?
-31
In base 14, what is 5 + 3b?
42
In base 7, what is -10061 + 2?
-10056
In base 16, what is 3 + -abe?
-abb
In base 10, what is 333 - 5?
328
In base 5, what is 11314 + 4?
11323
In base 15, what is -9 + 463?
459
In base 5, what is 2 - -3330?
3332
In base 2, what is 1010100111 + -101?
1010100010
In base 13, what is 5 - 47?
-42
In base 6, what is -22222 - 21?
-22243
In base 9, what is -2 - 132?
-134
In base 12, what is -7a6 + -4?
-7aa
In base 8, what is -5 + -2443?
-2450
In base 15, what is 28 - -2?
2a
In base 11, what is -7583 + -2?
-7585
In base 16, what is -c - c?
-18
In base 7, what is -1 - 61?
-62
In base 14, what is -6 + -c8?
-d0
In base 7, what is -152 + 26?
-123
In base 9, what is 134 + -26?
107
In base 2, what is -1 - -111000001?
111000000
In base 4, what is 2131020 + -2?
2131012
In base 9, what is -6 - 23?
-30
In base 9, what is -2 - 40?
-42
In base 16, what is 2 + -b1?
-af
In base 8, what is 24 - -2?
26
In base 16, what is 927 - -2?
929
In base 14, what is -60 - -bc?
5c
In base 6, what is -1 - -2022?
2021
In base 12, what is 10 + -700?
-6b0
In base 2, what is 100110010 - -10?
100110100
In base 10, what is 203 - -1?
204
In base 6, what is -4 - -11253?
11245
In base 11, what is 5 + 212?
217
In base 13, what is 1 - -11?
12
In base 13, what is -312 - -12?
-300
In base 16, what is 5 + 45b?
460
In base 2, what is 0 + -1100110?
-1100110
In base 11, what is -44 + 27?
-18
In base 15, what is 0 - -1404?
1404
In base 14, what is 51d4 + -5?
51cd
In base 6, what is -415 + -13?
-432
In base 3, what is 122 + 20201?
21100
In base 6, what is -232 - -5?
-223
In base 3, what is 110 - 120110?
-120000
In base 14, what is 10 - 71?
-61
In base 2, what is 10001 + 1010?
11011
In base 8, what is -157 - -406?
227
In base 2, what is -100 + -1111100?
-10000000
In base 9, what is 5 - 14?
-8
In base 12, what is 78 - -a?
86
In base 15, what is 4e - -4?
53
In base 7, what is -3 - 135?
-141
In base 13, what is 1 + 137?
138
In base 5, what is -3 + -3?
-11
In base 7, what is 1330 - 2?
1325
In base 12, what is 2 + 24?
26
In base 8, what is 33 + 11?
44
In base 4, what is -3023 + -13?
-3102
In base 10, what is -17 - 29?
-46
In base 6, what is 2 + -152?
-150
In base 5, what is -2 - -224?
222
In base 13, what is 5a + 0?
5a
In base 4, what is 30333 - 11?
30322
In base 14, what is 4 + -2d?
-29
In base 12, what is 0 - -20?
20
In base 12, what is 3 + 8?
b
In base 12, what is -3a5 - -4?
-3a1
In base 6, what is 2 + -213?
-211
In base 10, what is 12 + 136?
148
In base 12, what is b71 + 5?
b76
In base 6, what is 1134 + 4?
1142
In base 3, what is -1102 - -12?
-1020
In base 15, what is -115c - -4?
-1158
In base 16, what is 1 + -10d?
-10c
In base 13, what is -10 + -a8?
-b8
In base 5, what is 1 - -241?
242
In base 16, what is 1d - b?
12
In base 9, what is -24 - 40?
-64
In base 5, what is 120031 - 2?
120024
In base 15, what is -2c - -28?
-4
In base 16, what is -5 + -14?
-19
In base 9, what is -73 - 4?
-77
In base 10, what is -102 + 4?
-98
In base 13, what is -5 - -11b2?
11aa
In base 12, what is 3 + -276?
-273
In base 16, what is -2f8 - -1?
-2f7
In base 3, what is 11111 - 212?
10122
In base 16, what is 29 + -6?
23
In base 16, what is 8f3 - 4?
8ef
In base 15, what is 2 + -62?
-60
In base 4, what is 0 - -1132211?
1132211
In base 6, what is -254 - 254?
-552
In base 14, what is -11136 + -4?
-1113a
In base 13, what is -a + 26?
19
In base 7, what is 124 - 3?
121
In base 13, what is -3 + -644?
-647
In base 16, what is -4 - 2b1?
-2b5
In base 10, what is 3 - 14?
-11
In base 16, what is -d - -c?
-1
In base 4, what is 213 - -301?
1120
In base 6, what is -151 + 15?
-132
In base 16, what is 3 - -17c?
17f
In base 2, what is 10010 - 101110?
-11100
In base 4, what is 23 - -132?
221
In base 2, what is 111001 - 1000?
110001
In base 4, what is -1113121 + 11?
-1113110
In base 13, what is -5 - -51?
49
In base 2, what is 10000 + -1101000010?
-1100110010
In base 9, what is -205 - 3?
-208
In base 13, what is -5a - -51?
-9
In base 15, what is 95b6 + -2?
95b4
In base 12, what is -2 + -58?
-5a
In base 8, what is 3 + -35?
-32
In base 12, what is 4 + -1b6a?
-1b66
In base 9, what is 1 - 75?
-74
In base 4, what is 23220 - -3?
23223
In base 5, what is -44 - 1021?
-1120
In base 15, what is -1ca + 4?
-1c6
In base 5, what is 3124 + 3?
3132
In base 4, what is 103 - -21021?
21130
In base 11, what is -5 + -400?
-405
In base 5, what is 4100 + -4?
4041
In base 5, what is -3 + 2042?
2034
In base 7, what is -31 + -143?
-204
In base 2, what is -101100001 - -1100?
-101010101
In base 4, what is -1201 - 33?
-1300
In base 8, what is 374 + 0?
374
In base 7, what is -266 + 2?
-264
In base 16, what is 8 + 46?
4e
In base 4, what is -11 - 12222?
-12233
In base 8, what is -5 + -17?
-24
In base 2, what is -10110 - -1111?
-111
In base 4, what is 2 - -121231?
121233
In base 2, what is -11 - -1001011001101?
1001011001010
In base 3, what is -20221 - 22?
-21020
In base 3, what is -222 + -122?
-1121
In base 8, what is -464 + 0?
-464
In base 6, what is 1 + -4?
-3
In base 5, what is -22011 + -2?
-22013
In base 16, what is a16 + 0?
a16
In base 13, what is -157 - -14?
-143
In base 13, what is 3 + 65?
68
In base 8, what is -23204 + -3?
-23207
In base 12, what is -ab + 1?
-aa
In base 11, what is 0 - -41a4?
41a4
In base 14, what is 196 - 1?
195
In base 16, what is 1 + 1ed?
1ee
In base 2, what is 0 + 10000001001?
10000001001
In base 4, what is -3 - -20121?
20112
In base 13, what is -2008 + 0?
-2008
In base 12, what is -21 + -a8?
-109
In base 5, what is 14314 + 1?
14320
In base 4, what is 111 - -10031?
10202
In base 12, what is 4 + 806?
80a
In base 11, what is -a - a?
-19
In base 15, what is 85 - 0?
85
In base 9, what is -6 + -735?
-742
In base 3, what is 1 - -222022?
222100
In base 8, what is 3 + 431?
434
In base 14, what is -4 - -4a?
46
In base 15, what is 4c - -5?
52
In base 9, what is 173 + 3?
176
In base 3, what is -2 - -101?
22
In base 6, what is -3 + 2122?
2115
In base 4, what is 330 - 10?
320
In base 7, what is 30 - 66?
-36
In base 6, what is 5 + 543?
552
In base 15, what is 1 - 498?
-497
In base 3, what is -1 + -100112?
-100120
In base 10, what is -9 - 23?
-32
In base 5, what is -13241 - 10?
-13301
In base 2, what is 10 - 10010100001?
-10010011111
In base 3, what is -1212 - -12?
-1200
In base 10, what is -5 - -7?
2
In base 4, what is 3232 + 11?
3303
In base 9, what is -1 + 26?
25
In base 10, what is 2 - -507?
509
In base 14, what is 4 - 80?
-7a
In base 7, what is -13 - -221?
205
In base 11, what is 41a2 - 3?
419a
In base 11, what is -2 - 165?
-167
In base 12, what is -4 + 2413?
240b
In base 5, what is -233 + -33?
-321
In base 16, what is -db + 3?
-d8
In base 12, what is -45 + -5?
-4a
In base 12, what is -b8 + 5?
-b3
In base 16, what is -1 + 16?
15
In base 6, what is -103343 + 5?
-103334
In base 8, what is 36 - 3?
33
In base 11, what is 183 + -2?
181
In base 6, what is -541 + -1?
-542
In base 12, what is -180 + -2?
-182
In base 12, what is 11 - -19a?
1ab
In base 7, what is 500 - 4?
463
In base 6, what is 5 + 5?
14
In base 10, what is -1 + -681?
-682
In base 11, what is 17 + 2a?
46
In base 13, what is 3a72 + 5?
3a77
In base 3, what is -121 - -2?
-112
In base 12, what is 35b - 4?
357
In base 14, what is -7cd + 1?
-7cc
In base 7, what is -303 - 2?
-305
In base 13, what is 74 + 3?
77
In base 10, what is 5 - 202?
-197
In base 8, what is -4 - -1?
-3
In base 6, what is -1141 + -24?
-1205
In base 5, what is -21 - -34?
13
In base 4, what is -30 + 1121?
1031
In base 7, what is 3 + 11554?
11560
In base 4, what is -210 - 13?
-223
In base 7, what is 2 - 6105?
-6103
In base 5, what is 42 + 3?
100
In base 14, what is 151 + 5?
156
In base 7, what is -243 - 13?
-256
In base 4, what is 3 + 31